{"id":112,"date":"2015-02-26T15:39:04","date_gmt":"2015-02-26T14:39:04","guid":{"rendered":"http:\/\/www.efco.lu\/?page_id=112"},"modified":"2017-03-16T16:53:51","modified_gmt":"2017-03-16T15:53:51","slug":"jobs","status":"publish","type":"page","link":"https:\/\/www.efco.lu\/?page_id=112&lang=fr","title":{"rendered":"Jobs"},"content":{"rendered":"<p>Efco-Forodia\u00a0Exploitation est sans cesse \u00e0 la recherche de nouveaux collaborateurs, afin de mener \u00e0 bien ses activit\u00e9s et assurer un service de qualit\u00e9. Pour l&rsquo;ann\u00e9e 2017, nous recherchons principalement des techniciens et des foreurs afin de compenser des d\u00e9parts \u00e0 la retraite, et une activit\u00e9 toujours en hausse.<\/p>\n<p><a href=\"https:\/\/www.efco.lu\/wp-content\/uploads\/2015\/02\/Graphique-R-H-2016.png\"><img decoding=\"async\" loading=\"lazy\" class=\"aligncenter size-medium wp-image-491\" alt=\"Graphique R-H 2016\" src=\"https:\/\/www.efco.lu\/wp-content\/uploads\/2015\/02\/Graphique-R-H-2016-300x214.png\" width=\"300\" height=\"214\" srcset=\"https:\/\/www.efco.lu\/wp-content\/uploads\/2015\/02\/Graphique-R-H-2016-300x214.png 300w, https:\/\/www.efco.lu\/wp-content\/uploads\/2015\/02\/Graphique-R-H-2016.png 873w\" sizes=\"(max-width: 300px) 100vw, 300px\" \/><\/a><\/p>\n<p>&nbsp;<\/p>\n<p>Nos diff\u00e9rentes activit\u00e9s assurent une diversit\u00e9 des missions propos\u00e9es, adapt\u00e9es selon votre profil et votre experience.<\/p>\n<p>Notre politique de ressources-humaines est bas\u00e9e sur le d\u00e9velopement personnel et la formation continue. Si notre entreprise vous interesse et que votre profil correspond \u00e0 nos attentes, nous serions heureux de vous compter parmis nos collaborateurs.<\/p>\n<p>Vous retrouverez sur notre site l&rsquo;ensemble des <a title=\"Offres d\u2019emploi\" href=\"https:\/\/www.efco.lu\/?page_id=167\">offres d&#8217;emploi <\/a>pour les diff\u00e9rentes soci\u00e9t\u00e9s du groupe. Si vous ne trouvez pas d&rsquo;offre vous correspondant, n&rsquo;h\u00e9sitez pas \u00e0 d\u00e9poser une candidature spontann\u00e9e.<\/p>\n","protected":false},"excerpt":{"rendered":"<p>Efco-Forodia\u00a0Exploitation est sans cesse \u00e0 la recherche de nouveaux collaborateurs, afin de mener \u00e0 bien ses activit\u00e9s et assurer un service de qualit\u00e9. Pour l&rsquo;ann\u00e9e 2017, nous recherchons principalement des techniciens et des foreurs afin de compenser des d\u00e9parts \u00e0 la retraite, et une activit\u00e9 toujours en hausse. &nbsp; Nos diff\u00e9rentes activit\u00e9s assurent une diversit\u00e9 [&hellip;]<\/p>\n","protected":false},"author":1,"featured_media":0,"parent":0,"menu_order":0,"comment_status":"closed","ping_status":"closed","template":"","meta":[],"_links":{"self":[{"href":"https:\/\/www.efco.lu\/index.php?rest_route=\/wp\/v2\/pages\/112"}],"collection":[{"href":"https:\/\/www.efco.lu\/index.php?rest_route=\/wp\/v2\/pages"}],"about":[{"href":"https:\/\/www.efco.lu\/index.php?rest_route=\/wp\/v2\/types\/page"}],"author":[{"embeddable":true,"href":"https:\/\/www.efco.lu\/index.php?rest_route=\/wp\/v2\/users\/1"}],"replies":[{"embeddable":true,"href":"https:\/\/www.efco.lu\/index.php?rest_route=%2Fwp%2Fv2%2Fcomments&post=112"}],"version-history":[{"count":9,"href":"https:\/\/www.efco.lu\/index.php?rest_route=\/wp\/v2\/pages\/112\/revisions"}],"predecessor-version":[{"id":493,"href":"https:\/\/www.efco.lu\/index.php?rest_route=\/wp\/v2\/pages\/112\/revisions\/493"}],"wp:attachment":[{"href":"https:\/\/www.efco.lu\/index.php?rest_route=%2Fwp%2Fv2%2Fmedia&parent=112"}],"curies":[{"name":"wp","href":"https:\/\/api.w.org\/{rel}","templated":true}]}}