{"id":184,"date":"2015-03-19T08:31:07","date_gmt":"2015-03-19T07:31:07","guid":{"rendered":"http:\/\/www.efco.lu\/?page_id=184"},"modified":"2015-07-10T14:22:36","modified_gmt":"2015-07-10T13:22:36","slug":"nos-valeurs","status":"publish","type":"page","link":"https:\/\/www.efco.lu\/?page_id=184&lang=fr","title":{"rendered":"Nos valeurs"},"content":{"rendered":"<h3 style=\"text-align: center;\"><\/h3>\n<h3 style=\"text-align: center;\">Efco-Forodia\u00a0Exploitation est une entreprise \u00e0 taille humaine, qui a d\u00e9velopp\u00e9 sa strat\u00e9gie autour de ses points forts<\/h3>\n<h2 style=\"text-align: center;\"><\/h2>\n<p>&nbsp;<\/p>\n<h2 style=\"text-align: center;\">La<strong> qualit\u00e9<\/strong><\/h2>\n<h2 style=\"text-align: center;\">Le <strong>professionnalisme<\/strong><\/h2>\n<h2 style=\"text-align: center;\">Les <strong>performances techniques<\/strong><\/h2>\n<h2 style=\"text-align: center;\">La <strong>confiance<\/strong> &amp; la <strong>satisfaction du client<\/strong><\/h2>\n<h2 style=\"text-align: center;\">Le respect des <strong>engagements<\/strong><\/h2>\n<h2 style=\"text-align: center;\">Le sens de l&rsquo;<strong>\u00e9thique<\/strong><\/h2>\n<h2 style=\"text-align: center;\">La <strong>responsabilit\u00e9<\/strong><\/h2>\n<p>&nbsp;<\/p>\n<p>&nbsp;<\/p>\n","protected":false},"excerpt":{"rendered":"<p>Efco-Forodia\u00a0Exploitation est une entreprise \u00e0 taille humaine, qui a d\u00e9velopp\u00e9 sa strat\u00e9gie autour de ses points forts &nbsp; La qualit\u00e9 Le professionnalisme Les performances techniques La confiance &amp; la satisfaction du client Le respect des engagements Le sens de l&rsquo;\u00e9thique La responsabilit\u00e9 &nbsp; &nbsp;<\/p>\n","protected":false},"author":2,"featured_media":0,"parent":0,"menu_order":0,"comment_status":"closed","ping_status":"closed","template":"","meta":[],"_links":{"self":[{"href":"https:\/\/www.efco.lu\/index.php?rest_route=\/wp\/v2\/pages\/184"}],"collection":[{"href":"https:\/\/www.efco.lu\/index.php?rest_route=\/wp\/v2\/pages"}],"about":[{"href":"https:\/\/www.efco.lu\/index.php?rest_route=\/wp\/v2\/types\/page"}],"author":[{"embeddable":true,"href":"https:\/\/www.efco.lu\/index.php?rest_route=\/wp\/v2\/users\/2"}],"replies":[{"embeddable":true,"href":"https:\/\/www.efco.lu\/index.php?rest_route=%2Fwp%2Fv2%2Fcomments&post=184"}],"version-history":[{"count":13,"href":"https:\/\/www.efco.lu\/index.php?rest_route=\/wp\/v2\/pages\/184\/revisions"}],"predecessor-version":[{"id":272,"href":"https:\/\/www.efco.lu\/index.php?rest_route=\/wp\/v2\/pages\/184\/revisions\/272"}],"wp:attachment":[{"href":"https:\/\/www.efco.lu\/index.php?rest_route=%2Fwp%2Fv2%2Fmedia&parent=184"}],"curies":[{"name":"wp","href":"https:\/\/api.w.org\/{rel}","templated":true}]}}