{"id":82,"date":"2015-02-26T15:29:39","date_gmt":"2015-02-26T14:29:39","guid":{"rendered":"http:\/\/www.efco.lu\/?page_id=82"},"modified":"2015-02-26T18:03:35","modified_gmt":"2015-02-26T17:03:35","slug":"poncage-de-beton","status":"publish","type":"page","link":"https:\/\/www.efco.lu\/?page_id=82&lang=fr","title":{"rendered":"Pon\u00e7age de b\u00e9ton"},"content":{"rendered":"<style type=\"text\/css\"><!--\nP { margin-bottom: 0.21cm; }\n--><\/style>\n<p>Contrairement au rabotage, le pon\u00e7age consiste \u00e0 enlever les imperfections sur la surface du b\u00e9ton, de mani\u00e8re \u00e0 le rendre totalement lisse et brillant. Cette m\u00e9thode permet d\u2019am\u00e9liorer l\u2019aspect final d\u2019une construction, rapprochant le rendu de mat\u00e9riaux plus nobles tels que le marbre ou le granit.<\/p>\n\n\t\t<style type=\"text\/css\">\n\t\t\t#gallery-1 {\n\t\t\t\tmargin: auto;\n\t\t\t}\n\t\t\t#gallery-1 .gallery-item {\n\t\t\t\tfloat: left;\n\t\t\t\tmargin-top: 10px;\n\t\t\t\ttext-align: center;\n\t\t\t\twidth: 100%;\n\t\t\t}\n\t\t\t#gallery-1 img {\n\t\t\t\tborder: 2px solid #cfcfcf;\n\t\t\t}\n\t\t\t#gallery-1 .gallery-caption {\n\t\t\t\tmargin-left: 0;\n\t\t\t}\n\t\t\t\/* see gallery_shortcode() in wp-includes\/media.php *\/\n\t\t<\/style>\n\t\t<div id='gallery-1' class='gallery galleryid-82 gallery-columns-1 gallery-size-thumbnail'><dl class='gallery-item'>\n\t\t\t<dt class='gallery-icon landscape'>\n\t\t\t\t<a href='https:\/\/www.efco.lu\/?attachment_id=63'><img width=\"150\" height=\"150\" src=\"https:\/\/www.efco.lu\/wp-content\/uploads\/2015\/01\/Pon\u00e7age-150x150.jpg\" class=\"attachment-thumbnail size-thumbnail\" alt=\"\" decoding=\"async\" loading=\"lazy\" srcset=\"https:\/\/www.efco.lu\/wp-content\/uploads\/2015\/01\/Pon\u00e7age-150x150.jpg 150w, https:\/\/www.efco.lu\/wp-content\/uploads\/2015\/01\/Pon\u00e7age-60x60.jpg 60w, https:\/\/www.efco.lu\/wp-content\/uploads\/2015\/01\/Pon\u00e7age-50x50.jpg 50w, https:\/\/www.efco.lu\/wp-content\/uploads\/2015\/01\/Pon\u00e7age-100x100.jpg 100w\" sizes=\"(max-width: 150px) 100vw, 150px\" \/><\/a>\n\t\t\t<\/dt><\/dl><br style=\"clear: both\" \/>\n\t\t<\/div>\n\n","protected":false},"excerpt":{"rendered":"<p>Contrairement au rabotage, le pon\u00e7age consiste \u00e0 enlever les imperfections sur la surface du b\u00e9ton, de mani\u00e8re \u00e0 le rendre totalement lisse et brillant. Cette m\u00e9thode permet d\u2019am\u00e9liorer l\u2019aspect final d\u2019une construction, rapprochant le rendu de mat\u00e9riaux plus nobles tels que le marbre ou le granit.<\/p>\n","protected":false},"author":1,"featured_media":0,"parent":74,"menu_order":0,"comment_status":"closed","ping_status":"closed","template":"","meta":[],"_links":{"self":[{"href":"https:\/\/www.efco.lu\/index.php?rest_route=\/wp\/v2\/pages\/82"}],"collection":[{"href":"https:\/\/www.efco.lu\/index.php?rest_route=\/wp\/v2\/pages"}],"about":[{"href":"https:\/\/www.efco.lu\/index.php?rest_route=\/wp\/v2\/types\/page"}],"author":[{"embeddable":true,"href":"https:\/\/www.efco.lu\/index.php?rest_route=\/wp\/v2\/users\/1"}],"replies":[{"embeddable":true,"href":"https:\/\/www.efco.lu\/index.php?rest_route=%2Fwp%2Fv2%2Fcomments&post=82"}],"version-history":[{"count":2,"href":"https:\/\/www.efco.lu\/index.php?rest_route=\/wp\/v2\/pages\/82\/revisions"}],"predecessor-version":[{"id":139,"href":"https:\/\/www.efco.lu\/index.php?rest_route=\/wp\/v2\/pages\/82\/revisions\/139"}],"up":[{"embeddable":true,"href":"https:\/\/www.efco.lu\/index.php?rest_route=\/wp\/v2\/pages\/74"}],"wp:attachment":[{"href":"https:\/\/www.efco.lu\/index.php?rest_route=%2Fwp%2Fv2%2Fmedia&parent=82"}],"curies":[{"name":"wp","href":"https:\/\/api.w.org\/{rel}","templated":true}]}}