{"id":84,"date":"2015-02-26T15:30:05","date_gmt":"2015-02-26T14:30:05","guid":{"rendered":"http:\/\/www.efco.lu\/?page_id=84"},"modified":"2015-02-26T18:02:44","modified_gmt":"2015-02-26T17:02:44","slug":"renforcement-de-beton-par-lamelle-carbone","status":"publish","type":"page","link":"https:\/\/www.efco.lu\/?page_id=84&lang=fr","title":{"rendered":"Renforcement de b\u00e9ton par lamelle carbone"},"content":{"rendered":"<style type=\"text\/css\"><!--\nP { margin-bottom: 0.21cm; }\n--><\/style>\n<p>Certains \u00e9l\u00e9ments de b\u00e9tons ne sont pas fait pour supporter un poids important. C\u2019est pourquoi la solution d\u2019un renforcement par des lamelles carbone est propos\u00e9e.<\/p>\n<p>Le carbone est un mat\u00e9riau extr\u00eamement r\u00e9sistant, souvent utilis\u00e9 pour sa capacit\u00e9 de r\u00e9sistance \u00e0 la traction et sa discr\u00e9tion (environ 1mm d\u2019\u00e9paisseur suffisent \u00e0 tenir pr\u00e8s d\u2019une tonne \u00e0 l\u2019arrachement!)<\/p>\n\n\t\t<style type=\"text\/css\">\n\t\t\t#gallery-1 {\n\t\t\t\tmargin: auto;\n\t\t\t}\n\t\t\t#gallery-1 .gallery-item {\n\t\t\t\tfloat: left;\n\t\t\t\tmargin-top: 10px;\n\t\t\t\ttext-align: center;\n\t\t\t\twidth: 100%;\n\t\t\t}\n\t\t\t#gallery-1 img {\n\t\t\t\tborder: 2px solid #cfcfcf;\n\t\t\t}\n\t\t\t#gallery-1 .gallery-caption {\n\t\t\t\tmargin-left: 0;\n\t\t\t}\n\t\t\t\/* see gallery_shortcode() in wp-includes\/media.php *\/\n\t\t<\/style>\n\t\t<div id='gallery-1' class='gallery galleryid-84 gallery-columns-1 gallery-size-thumbnail'><dl class='gallery-item'>\n\t\t\t<dt class='gallery-icon portrait'>\n\t\t\t\t<a href='https:\/\/www.efco.lu\/?attachment_id=64'><img width=\"150\" height=\"150\" src=\"https:\/\/www.efco.lu\/wp-content\/uploads\/2015\/01\/Renforcement-b\u00e9ton-150x150.png\" class=\"attachment-thumbnail size-thumbnail\" alt=\"\" decoding=\"async\" loading=\"lazy\" srcset=\"https:\/\/www.efco.lu\/wp-content\/uploads\/2015\/01\/Renforcement-b\u00e9ton-150x150.png 150w, https:\/\/www.efco.lu\/wp-content\/uploads\/2015\/01\/Renforcement-b\u00e9ton-60x60.png 60w, https:\/\/www.efco.lu\/wp-content\/uploads\/2015\/01\/Renforcement-b\u00e9ton-50x50.png 50w, https:\/\/www.efco.lu\/wp-content\/uploads\/2015\/01\/Renforcement-b\u00e9ton-100x100.png 100w\" sizes=\"(max-width: 150px) 100vw, 150px\" \/><\/a>\n\t\t\t<\/dt><\/dl><br style=\"clear: both\" \/>\n\t\t<\/div>\n\n","protected":false},"excerpt":{"rendered":"<p>Certains \u00e9l\u00e9ments de b\u00e9tons ne sont pas fait pour supporter un poids important. C\u2019est pourquoi la solution d\u2019un renforcement par des lamelles carbone est propos\u00e9e. Le carbone est un mat\u00e9riau extr\u00eamement r\u00e9sistant, souvent utilis\u00e9 pour sa capacit\u00e9 de r\u00e9sistance \u00e0 la traction et sa discr\u00e9tion (environ 1mm d\u2019\u00e9paisseur suffisent \u00e0 tenir pr\u00e8s d\u2019une tonne \u00e0 [&hellip;]<\/p>\n","protected":false},"author":1,"featured_media":0,"parent":74,"menu_order":0,"comment_status":"closed","ping_status":"closed","template":"","meta":[],"_links":{"self":[{"href":"https:\/\/www.efco.lu\/index.php?rest_route=\/wp\/v2\/pages\/84"}],"collection":[{"href":"https:\/\/www.efco.lu\/index.php?rest_route=\/wp\/v2\/pages"}],"about":[{"href":"https:\/\/www.efco.lu\/index.php?rest_route=\/wp\/v2\/types\/page"}],"author":[{"embeddable":true,"href":"https:\/\/www.efco.lu\/index.php?rest_route=\/wp\/v2\/users\/1"}],"replies":[{"embeddable":true,"href":"https:\/\/www.efco.lu\/index.php?rest_route=%2Fwp%2Fv2%2Fcomments&post=84"}],"version-history":[{"count":2,"href":"https:\/\/www.efco.lu\/index.php?rest_route=\/wp\/v2\/pages\/84\/revisions"}],"predecessor-version":[{"id":138,"href":"https:\/\/www.efco.lu\/index.php?rest_route=\/wp\/v2\/pages\/84\/revisions\/138"}],"up":[{"embeddable":true,"href":"https:\/\/www.efco.lu\/index.php?rest_route=\/wp\/v2\/pages\/74"}],"wp:attachment":[{"href":"https:\/\/www.efco.lu\/index.php?rest_route=%2Fwp%2Fv2%2Fmedia&parent=84"}],"curies":[{"name":"wp","href":"https:\/\/api.w.org\/{rel}","templated":true}]}}