{"id":86,"date":"2015-02-26T15:30:26","date_gmt":"2015-02-26T14:30:26","guid":{"rendered":"http:\/\/www.efco.lu\/?page_id=86"},"modified":"2016-09-27T13:25:32","modified_gmt":"2016-09-27T12:25:32","slug":"forages-de-reconnaissance","status":"publish","type":"page","link":"https:\/\/www.efco.lu\/?page_id=86&lang=fr","title":{"rendered":"Forages de reconnaissance"},"content":{"rendered":"<style type=\"text\/css\"><!--\nP { margin-bottom: 0.21cm; }\n--><\/style>\n<p>Le forage est le meilleur moyen pour acc\u00e9der au sous-sol. Effectuer un forage de reconnaissance permet de recueillir des informations sur la composition du sol, et la circulation des eaux sous-terraines. Grace \u00e0 ces informations, vous pourrez planifier une construction de mani\u00e8re plus sure, en \u00e9vitant les impr\u00e9vus dus \u00e0 une mauvaise reconnaissance du sol.<\/p>\n<p>&nbsp;<\/p>\n\n\t\t<style type=\"text\/css\">\n\t\t\t#gallery-1 {\n\t\t\t\tmargin: auto;\n\t\t\t}\n\t\t\t#gallery-1 .gallery-item {\n\t\t\t\tfloat: left;\n\t\t\t\tmargin-top: 10px;\n\t\t\t\ttext-align: center;\n\t\t\t\twidth: 33%;\n\t\t\t}\n\t\t\t#gallery-1 img {\n\t\t\t\tborder: 2px solid #cfcfcf;\n\t\t\t}\n\t\t\t#gallery-1 .gallery-caption {\n\t\t\t\tmargin-left: 0;\n\t\t\t}\n\t\t\t\/* see gallery_shortcode() in wp-includes\/media.php *\/\n\t\t<\/style>\n\t\t<div id='gallery-1' class='gallery galleryid-86 gallery-columns-3 gallery-size-thumbnail'><dl class='gallery-item'>\n\t\t\t<dt class='gallery-icon landscape'>\n\t\t\t\t<a href='https:\/\/www.efco.lu\/?attachment_id=433'><img width=\"150\" height=\"150\" src=\"https:\/\/www.efco.lu\/wp-content\/uploads\/2015\/02\/FRE3-150x150.jpg\" class=\"attachment-thumbnail size-thumbnail\" alt=\"\" decoding=\"async\" loading=\"lazy\" srcset=\"https:\/\/www.efco.lu\/wp-content\/uploads\/2015\/02\/FRE3-150x150.jpg 150w, https:\/\/www.efco.lu\/wp-content\/uploads\/2015\/02\/FRE3-60x60.jpg 60w, https:\/\/www.efco.lu\/wp-content\/uploads\/2015\/02\/FRE3-50x50.jpg 50w, https:\/\/www.efco.lu\/wp-content\/uploads\/2015\/02\/FRE3-100x100.jpg 100w\" sizes=\"(max-width: 150px) 100vw, 150px\" \/><\/a>\n\t\t\t<\/dt><\/dl><dl class='gallery-item'>\n\t\t\t<dt class='gallery-icon portrait'>\n\t\t\t\t<a href='https:\/\/www.efco.lu\/?attachment_id=435'><img width=\"150\" height=\"150\" src=\"https:\/\/www.efco.lu\/wp-content\/uploads\/2015\/02\/s\u00e9curit\u00e94-150x150.jpg\" class=\"attachment-thumbnail size-thumbnail\" alt=\"\" decoding=\"async\" loading=\"lazy\" srcset=\"https:\/\/www.efco.lu\/wp-content\/uploads\/2015\/02\/s\u00e9curit\u00e94-150x150.jpg 150w, https:\/\/www.efco.lu\/wp-content\/uploads\/2015\/02\/s\u00e9curit\u00e94-60x60.jpg 60w, https:\/\/www.efco.lu\/wp-content\/uploads\/2015\/02\/s\u00e9curit\u00e94-50x50.jpg 50w, https:\/\/www.efco.lu\/wp-content\/uploads\/2015\/02\/s\u00e9curit\u00e94-100x100.jpg 100w\" sizes=\"(max-width: 150px) 100vw, 150px\" \/><\/a>\n\t\t\t<\/dt><\/dl><dl class='gallery-item'>\n\t\t\t<dt class='gallery-icon portrait'>\n\t\t\t\t<a href='https:\/\/www.efco.lu\/?attachment_id=431'><img width=\"150\" height=\"150\" src=\"https:\/\/www.efco.lu\/wp-content\/uploads\/2015\/02\/1-5674-150x150.jpg\" class=\"attachment-thumbnail size-thumbnail\" alt=\"\" decoding=\"async\" loading=\"lazy\" srcset=\"https:\/\/www.efco.lu\/wp-content\/uploads\/2015\/02\/1-5674-150x150.jpg 150w, https:\/\/www.efco.lu\/wp-content\/uploads\/2015\/02\/1-5674-60x60.jpg 60w, https:\/\/www.efco.lu\/wp-content\/uploads\/2015\/02\/1-5674-50x50.jpg 50w, https:\/\/www.efco.lu\/wp-content\/uploads\/2015\/02\/1-5674-100x100.jpg 100w\" sizes=\"(max-width: 150px) 100vw, 150px\" \/><\/a>\n\t\t\t<\/dt><\/dl><br style=\"clear: both\" \/><dl class='gallery-item'>\n\t\t\t<dt class='gallery-icon landscape'>\n\t\t\t\t<a href='https:\/\/www.efco.lu\/?attachment_id=432'><img width=\"150\" height=\"150\" src=\"https:\/\/www.efco.lu\/wp-content\/uploads\/2015\/02\/FRE-REF1-150x150.jpg\" class=\"attachment-thumbnail size-thumbnail\" alt=\"\" decoding=\"async\" loading=\"lazy\" srcset=\"https:\/\/www.efco.lu\/wp-content\/uploads\/2015\/02\/FRE-REF1-150x150.jpg 150w, https:\/\/www.efco.lu\/wp-content\/uploads\/2015\/02\/FRE-REF1-60x60.jpg 60w, https:\/\/www.efco.lu\/wp-content\/uploads\/2015\/02\/FRE-REF1-50x50.jpg 50w, https:\/\/www.efco.lu\/wp-content\/uploads\/2015\/02\/FRE-REF1-100x100.jpg 100w\" sizes=\"(max-width: 150px) 100vw, 150px\" \/><\/a>\n\t\t\t<\/dt><\/dl><dl class='gallery-item'>\n\t\t\t<dt class='gallery-icon landscape'>\n\t\t\t\t<a href='https:\/\/www.efco.lu\/?attachment_id=430'><img width=\"150\" height=\"150\" src=\"https:\/\/www.efco.lu\/wp-content\/uploads\/2015\/02\/2481-150x150.jpg\" class=\"attachment-thumbnail size-thumbnail\" alt=\"\" decoding=\"async\" loading=\"lazy\" srcset=\"https:\/\/www.efco.lu\/wp-content\/uploads\/2015\/02\/2481-150x150.jpg 150w, https:\/\/www.efco.lu\/wp-content\/uploads\/2015\/02\/2481-60x60.jpg 60w, https:\/\/www.efco.lu\/wp-content\/uploads\/2015\/02\/2481-50x50.jpg 50w, https:\/\/www.efco.lu\/wp-content\/uploads\/2015\/02\/2481-100x100.jpg 100w\" sizes=\"(max-width: 150px) 100vw, 150px\" \/><\/a>\n\t\t\t<\/dt><\/dl><dl class='gallery-item'>\n\t\t\t<dt class='gallery-icon portrait'>\n\t\t\t\t<a href='https:\/\/www.efco.lu\/?attachment_id=429'><img width=\"150\" height=\"150\" src=\"https:\/\/www.efco.lu\/wp-content\/uploads\/2015\/02\/IMG_18081-150x150.jpg\" class=\"attachment-thumbnail size-thumbnail\" alt=\"\" decoding=\"async\" loading=\"lazy\" srcset=\"https:\/\/www.efco.lu\/wp-content\/uploads\/2015\/02\/IMG_18081-150x150.jpg 150w, https:\/\/www.efco.lu\/wp-content\/uploads\/2015\/02\/IMG_18081-60x60.jpg 60w, https:\/\/www.efco.lu\/wp-content\/uploads\/2015\/02\/IMG_18081-50x50.jpg 50w, https:\/\/www.efco.lu\/wp-content\/uploads\/2015\/02\/IMG_18081-100x100.jpg 100w\" sizes=\"(max-width: 150px) 100vw, 150px\" \/><\/a>\n\t\t\t<\/dt><\/dl><br style=\"clear: both\" \/><dl class='gallery-item'>\n\t\t\t<dt class='gallery-icon landscape'>\n\t\t\t\t<a href='https:\/\/www.efco.lu\/?attachment_id=434'><img width=\"150\" height=\"150\" src=\"https:\/\/www.efco.lu\/wp-content\/uploads\/2015\/02\/IMG_1234-150x150.jpg\" class=\"attachment-thumbnail size-thumbnail\" alt=\"\" decoding=\"async\" loading=\"lazy\" srcset=\"https:\/\/www.efco.lu\/wp-content\/uploads\/2015\/02\/IMG_1234-150x150.jpg 150w, https:\/\/www.efco.lu\/wp-content\/uploads\/2015\/02\/IMG_1234-60x60.jpg 60w, https:\/\/www.efco.lu\/wp-content\/uploads\/2015\/02\/IMG_1234-50x50.jpg 50w, https:\/\/www.efco.lu\/wp-content\/uploads\/2015\/02\/IMG_1234-100x100.jpg 100w\" sizes=\"(max-width: 150px) 100vw, 150px\" \/><\/a>\n\t\t\t<\/dt><\/dl>\n\t\t\t<br style='clear: both' \/>\n\t\t<\/div>\n\n<p>&nbsp;<\/p>\n","protected":false},"excerpt":{"rendered":"<p>Le forage est le meilleur moyen pour acc\u00e9der au sous-sol. Effectuer un forage de reconnaissance permet de recueillir des informations sur la composition du sol, et la circulation des eaux sous-terraines. Grace \u00e0 ces informations, vous pourrez planifier une construction de mani\u00e8re plus sure, en \u00e9vitant les impr\u00e9vus dus \u00e0 une mauvaise reconnaissance du sol. [&hellip;]<\/p>\n","protected":false},"author":1,"featured_media":0,"parent":74,"menu_order":0,"comment_status":"closed","ping_status":"closed","template":"","meta":[],"_links":{"self":[{"href":"https:\/\/www.efco.lu\/index.php?rest_route=\/wp\/v2\/pages\/86"}],"collection":[{"href":"https:\/\/www.efco.lu\/index.php?rest_route=\/wp\/v2\/pages"}],"about":[{"href":"https:\/\/www.efco.lu\/index.php?rest_route=\/wp\/v2\/types\/page"}],"author":[{"embeddable":true,"href":"https:\/\/www.efco.lu\/index.php?rest_route=\/wp\/v2\/users\/1"}],"replies":[{"embeddable":true,"href":"https:\/\/www.efco.lu\/index.php?rest_route=%2Fwp%2Fv2%2Fcomments&post=86"}],"version-history":[{"count":9,"href":"https:\/\/www.efco.lu\/index.php?rest_route=\/wp\/v2\/pages\/86\/revisions"}],"predecessor-version":[{"id":436,"href":"https:\/\/www.efco.lu\/index.php?rest_route=\/wp\/v2\/pages\/86\/revisions\/436"}],"up":[{"embeddable":true,"href":"https:\/\/www.efco.lu\/index.php?rest_route=\/wp\/v2\/pages\/74"}],"wp:attachment":[{"href":"https:\/\/www.efco.lu\/index.php?rest_route=%2Fwp%2Fv2%2Fmedia&parent=86"}],"curies":[{"name":"wp","href":"https:\/\/api.w.org\/{rel}","templated":true}]}}