{"id":88,"date":"2015-02-26T15:30:49","date_gmt":"2015-02-26T14:30:49","guid":{"rendered":"http:\/\/www.efco.lu\/?page_id=88"},"modified":"2015-02-26T18:01:06","modified_gmt":"2015-02-26T17:01:06","slug":"tirants-dancrage-boulons","status":"publish","type":"page","link":"https:\/\/www.efco.lu\/?page_id=88&lang=fr","title":{"rendered":"Tirants d\u2019ancrage, boulons"},"content":{"rendered":"<style type=\"text\/css\"><!--\nP { margin-bottom: 0.21cm; }\n--><\/style>\n<p>Le tirant d\u2019ancrage est un dispositif semblable \u00e0 une ancre au sol, permettant de renforcer une structure en prenant pour base une partie r\u00e9sistante du sol et lui retransmettant la force de traction. Les tirants sont fix\u00e9s au sol \u00e0 l\u2019aide d\u2019un forage et d\u2019un coulis de ciment, et assurent ainsi une meilleure tenue \u00e0 la construction.<br \/>\nLes Boulons d\u2019ancrage sont une m\u00e9thode d\u2019ancrage utilisant des boulons permettant une adh\u00e9rence renforc\u00e9e pour un ancrage dans du ciment.<\/p>\n\n\t\t<style type=\"text\/css\">\n\t\t\t#gallery-1 {\n\t\t\t\tmargin: auto;\n\t\t\t}\n\t\t\t#gallery-1 .gallery-item {\n\t\t\t\tfloat: left;\n\t\t\t\tmargin-top: 10px;\n\t\t\t\ttext-align: center;\n\t\t\t\twidth: 100%;\n\t\t\t}\n\t\t\t#gallery-1 img {\n\t\t\t\tborder: 2px solid #cfcfcf;\n\t\t\t}\n\t\t\t#gallery-1 .gallery-caption {\n\t\t\t\tmargin-left: 0;\n\t\t\t}\n\t\t\t\/* see gallery_shortcode() in wp-includes\/media.php *\/\n\t\t<\/style>\n\t\t<div id='gallery-1' class='gallery galleryid-88 gallery-columns-1 gallery-size-thumbnail'><dl class='gallery-item'>\n\t\t\t<dt class='gallery-icon landscape'>\n\t\t\t\t<a href='https:\/\/www.efco.lu\/?attachment_id=67'><img width=\"150\" height=\"150\" src=\"https:\/\/www.efco.lu\/wp-content\/uploads\/2015\/01\/Tirants-ancrage-150x150.jpg\" class=\"attachment-thumbnail size-thumbnail\" alt=\"\" decoding=\"async\" loading=\"lazy\" srcset=\"https:\/\/www.efco.lu\/wp-content\/uploads\/2015\/01\/Tirants-ancrage-150x150.jpg 150w, https:\/\/www.efco.lu\/wp-content\/uploads\/2015\/01\/Tirants-ancrage-60x60.jpg 60w, https:\/\/www.efco.lu\/wp-content\/uploads\/2015\/01\/Tirants-ancrage-50x50.jpg 50w, https:\/\/www.efco.lu\/wp-content\/uploads\/2015\/01\/Tirants-ancrage-100x100.jpg 100w\" sizes=\"(max-width: 150px) 100vw, 150px\" \/><\/a>\n\t\t\t<\/dt><\/dl><br style=\"clear: both\" \/>\n\t\t<\/div>\n\n","protected":false},"excerpt":{"rendered":"<p>Le tirant d\u2019ancrage est un dispositif semblable \u00e0 une ancre au sol, permettant de renforcer une structure en prenant pour base une partie r\u00e9sistante du sol et lui retransmettant la force de traction. Les tirants sont fix\u00e9s au sol \u00e0 l\u2019aide d\u2019un forage et d\u2019un coulis de ciment, et assurent ainsi une meilleure tenue \u00e0 [&hellip;]<\/p>\n","protected":false},"author":1,"featured_media":0,"parent":74,"menu_order":0,"comment_status":"closed","ping_status":"closed","template":"","meta":[],"_links":{"self":[{"href":"https:\/\/www.efco.lu\/index.php?rest_route=\/wp\/v2\/pages\/88"}],"collection":[{"href":"https:\/\/www.efco.lu\/index.php?rest_route=\/wp\/v2\/pages"}],"about":[{"href":"https:\/\/www.efco.lu\/index.php?rest_route=\/wp\/v2\/types\/page"}],"author":[{"embeddable":true,"href":"https:\/\/www.efco.lu\/index.php?rest_route=\/wp\/v2\/users\/1"}],"replies":[{"embeddable":true,"href":"https:\/\/www.efco.lu\/index.php?rest_route=%2Fwp%2Fv2%2Fcomments&post=88"}],"version-history":[{"count":3,"href":"https:\/\/www.efco.lu\/index.php?rest_route=\/wp\/v2\/pages\/88\/revisions"}],"predecessor-version":[{"id":136,"href":"https:\/\/www.efco.lu\/index.php?rest_route=\/wp\/v2\/pages\/88\/revisions\/136"}],"up":[{"embeddable":true,"href":"https:\/\/www.efco.lu\/index.php?rest_route=\/wp\/v2\/pages\/74"}],"wp:attachment":[{"href":"https:\/\/www.efco.lu\/index.php?rest_route=%2Fwp%2Fv2%2Fmedia&parent=88"}],"curies":[{"name":"wp","href":"https:\/\/api.w.org\/{rel}","templated":true}]}}