{"id":90,"date":"2015-02-26T15:31:09","date_gmt":"2015-02-26T14:31:09","guid":{"rendered":"http:\/\/www.efco.lu\/?page_id=90"},"modified":"2015-02-26T17:48:38","modified_gmt":"2015-02-26T16:48:38","slug":"gunitage","status":"publish","type":"page","link":"https:\/\/www.efco.lu\/?page_id=90&lang=fr","title":{"rendered":"Gunitage"},"content":{"rendered":"<style type=\"text\/css\"><!--\nP { margin-bottom: 0.21cm; }\n--><\/style>\n<p>Le gunitage est la projection de b\u00e9ton pr\u00e9par\u00e9 (Gunite) sur un support d\u00e9fini gr\u00e2ce \u00e0 un canon et un compresseur. Cette m\u00e9thode permet notamment de renforcer des structures difficiles d\u2019acc\u00e8s \u00e0 l\u2019aide des projections de b\u00e9ton<\/p>\n\n\t\t<style type=\"text\/css\">\n\t\t\t#gallery-1 {\n\t\t\t\tmargin: auto;\n\t\t\t}\n\t\t\t#gallery-1 .gallery-item {\n\t\t\t\tfloat: left;\n\t\t\t\tmargin-top: 10px;\n\t\t\t\ttext-align: center;\n\t\t\t\twidth: 50%;\n\t\t\t}\n\t\t\t#gallery-1 img {\n\t\t\t\tborder: 2px solid #cfcfcf;\n\t\t\t}\n\t\t\t#gallery-1 .gallery-caption {\n\t\t\t\tmargin-left: 0;\n\t\t\t}\n\t\t\t\/* see gallery_shortcode() in wp-includes\/media.php *\/\n\t\t<\/style>\n\t\t<div id='gallery-1' class='gallery galleryid-90 gallery-columns-2 gallery-size-thumbnail'><dl class='gallery-item'>\n\t\t\t<dt class='gallery-icon landscape'>\n\t\t\t\t<a href='https:\/\/www.efco.lu\/?attachment_id=62'><img width=\"150\" height=\"150\" src=\"https:\/\/www.efco.lu\/wp-content\/uploads\/2015\/01\/Gunitage2-150x150.jpg\" class=\"attachment-thumbnail size-thumbnail\" alt=\"\" decoding=\"async\" loading=\"lazy\" srcset=\"https:\/\/www.efco.lu\/wp-content\/uploads\/2015\/01\/Gunitage2-150x150.jpg 150w, https:\/\/www.efco.lu\/wp-content\/uploads\/2015\/01\/Gunitage2-60x60.jpg 60w, https:\/\/www.efco.lu\/wp-content\/uploads\/2015\/01\/Gunitage2-50x50.jpg 50w, https:\/\/www.efco.lu\/wp-content\/uploads\/2015\/01\/Gunitage2-100x100.jpg 100w\" sizes=\"(max-width: 150px) 100vw, 150px\" \/><\/a>\n\t\t\t<\/dt><\/dl><dl class='gallery-item'>\n\t\t\t<dt class='gallery-icon landscape'>\n\t\t\t\t<a href='https:\/\/www.efco.lu\/?attachment_id=61'><img width=\"150\" height=\"150\" src=\"https:\/\/www.efco.lu\/wp-content\/uploads\/2015\/01\/Gunitage-150x150.jpg\" class=\"attachment-thumbnail size-thumbnail\" alt=\"\" decoding=\"async\" loading=\"lazy\" srcset=\"https:\/\/www.efco.lu\/wp-content\/uploads\/2015\/01\/Gunitage-150x150.jpg 150w, https:\/\/www.efco.lu\/wp-content\/uploads\/2015\/01\/Gunitage-60x60.jpg 60w, https:\/\/www.efco.lu\/wp-content\/uploads\/2015\/01\/Gunitage-50x50.jpg 50w, https:\/\/www.efco.lu\/wp-content\/uploads\/2015\/01\/Gunitage-100x100.jpg 100w\" sizes=\"(max-width: 150px) 100vw, 150px\" \/><\/a>\n\t\t\t<\/dt><\/dl><br style=\"clear: both\" \/>\n\t\t<\/div>\n\n","protected":false},"excerpt":{"rendered":"<p>Le gunitage est la projection de b\u00e9ton pr\u00e9par\u00e9 (Gunite) sur un support d\u00e9fini gr\u00e2ce \u00e0 un canon et un compresseur. Cette m\u00e9thode permet notamment de renforcer des structures difficiles d\u2019acc\u00e8s \u00e0 l\u2019aide des projections de b\u00e9ton<\/p>\n","protected":false},"author":1,"featured_media":0,"parent":74,"menu_order":0,"comment_status":"closed","ping_status":"closed","template":"","meta":[],"_links":{"self":[{"href":"https:\/\/www.efco.lu\/index.php?rest_route=\/wp\/v2\/pages\/90"}],"collection":[{"href":"https:\/\/www.efco.lu\/index.php?rest_route=\/wp\/v2\/pages"}],"about":[{"href":"https:\/\/www.efco.lu\/index.php?rest_route=\/wp\/v2\/types\/page"}],"author":[{"embeddable":true,"href":"https:\/\/www.efco.lu\/index.php?rest_route=\/wp\/v2\/users\/1"}],"replies":[{"embeddable":true,"href":"https:\/\/www.efco.lu\/index.php?rest_route=%2Fwp%2Fv2%2Fcomments&post=90"}],"version-history":[{"count":3,"href":"https:\/\/www.efco.lu\/index.php?rest_route=\/wp\/v2\/pages\/90\/revisions"}],"predecessor-version":[{"id":245,"href":"https:\/\/www.efco.lu\/index.php?rest_route=\/wp\/v2\/pages\/90\/revisions\/245"}],"up":[{"embeddable":true,"href":"https:\/\/www.efco.lu\/index.php?rest_route=\/wp\/v2\/pages\/74"}],"wp:attachment":[{"href":"https:\/\/www.efco.lu\/index.php?rest_route=%2Fwp%2Fv2%2Fmedia&parent=90"}],"curies":[{"name":"wp","href":"https:\/\/api.w.org\/{rel}","templated":true}]}}